Calculate the remainder when (5 + -14)*y/(-3) is divided by 13.
11
Calculate the remainder when 71 is divided by 394/26 - 18/117.
11
Suppose -4*s = -44 - 44. Suppose 4*c + 6 = s. What is the remainder when c is divided by 3?
1
Suppose -w + 3*w - 42 = 0. Suppose -5*m = -6*m + 62. What is the remainder when m is divided by w?
20
Suppose 8*d + 89 = 537. Calculate the remainder when d is divided by 30.
26
Let s(p) = 10*p + 5. Let q(m) = m - 1. Let x(a) = -3*q(a) + s(a). Let d be x(7). Let y = 108 - d. Calculate the remainder when y is divided by 13.
12
Suppose -3*k + g = -47, -5*g = -2*k - 2*g + 29. Let v = 21 - k. Suppose 3*o - 16 = o. Calculate the remainder when o is divided by v.
3
Let n = -27 - -60. What is the remainder when n is divided by 17?
16
Suppose -3*u - 114 = -3*s, 5*s - u + 10 = 184. What is the remainder when 66 is divided by s?
32
Let a = -13 + 37. Let f = 35 - a. Suppose -3*b - 22 = -118. What is the remainder when b is divided by f?
10
Let c be 2 - ((-3 - -2) + -1). Suppose -3*w + 5 + c = 0. Suppose -2*k + 4 = -g + 4*g, k - 5 = -3*g. Calculate the remainder when w is divided by g.
1
Let u be 3 - (0 + 33/3). Let a = 11 - 3. Let t = a - u. Calculate the remainder when 30 is divided by t.
14
Let j = 18 - -9. Calculate the remainder when 78 is divided by j.
24
Let h be 2*39/6 + -1. Let y = h + -8. What is the remainder when 13 is divided by y?
1
Let s(u) = -u**2 + 16*u - 35. Calculate the remainder when 35 is divided by s(12).
9
Suppose 23 + 1 = 4*q. Calculate the remainder when 11*-1*2/(-2) is divided by q.
5
Suppose 5*v + 11 = 21. What is the remainder when 6 is divided by v?
0
Suppose -o - 3*l + 48 = 0, l + 3*l = 4. Calculate the remainder when o is divided by 4.
1
Let v = -36 - -73. What is the remainder when v is divided by 19?
18
What is the remainder when 9/45 + 9/5 is divided by 1?
0
Let b = -16 + 8. Let q = b + 9. What is the remainder when 1 is divided by q?
0
Let n = 65 + -52. What is the remainder when 22 is divided by n?
9
Let r(b) = 5*b - 1. Let n(u) = -4*u. Let l(j) = 7*n(j) + 6*r(j). What is the remainder when l(10) is divided by 2/((-4)/10*-1)?
4
Let m(c) = 23*c + 3. Let z be m(-5). Calculate the remainder when z/(-6)*(0 - -3) is divided by 19.
18
Let r(c) = 3*c + 11. Calculate the remainder when 162 is divided by r(10).
39
Suppose -2*x + 12 = 3*n, 4*n - 8 = 2*n - x. Suppose n*o + 0*o = 176. Suppose o = -0*k + k. What is the remainder when k is divided by 23?
21
Let n(w) = 15*w + 7. Let r be n(4). Suppose -3*h + r = -2*h. What is the remainder when h is divided by 23?
21
Suppose -98 + 28 = -10*q. Calculate the remainder when 152 is divided by q.
5
Suppose -2*l = 0, 0 = 5*i + 6*l - 3*l - 795. What is the remainder when i is divided by 54?
51
Let d be 13 + -2*(-1)/(-2). Suppose -5*b = -5*r, 3*b + r = 1 + 19. Calculate the remainder when b is divided by (4/(d/(-9)))/(-1).
2
Suppose -2*f + 4*f = 4*o - 42, o - 5*f + 12 = 0. Let a = 7 - -3. Suppose a = 3*w - 5. What is the remainder when o is divided by w?
3
Calculate the remainder when 34 is divided by (1 - -10) + 4*(-2)/4.
7
Let g = 26 + -1. Calculate the remainder when 49 is divided by g.
24
Let n(c) = 2*c - 7. Suppose 5*b - 3*b - 8 = 0. Suppose 3*d + 3*s - 21 = 0, -b*d + 5*s - 2*s = -14. What is the remainder when n(d) is divided by 1?
0
What is the remainder when 10 is divided by ((-14)/1)/((-6)/3)?
3
Suppose -5*z - 2*q + 12 = -7, z + 2*q = -1. What is the remainder when 7 is divided by z?
2
Suppose -2*w - 4 = -3*w. What is the remainder when w is divided by 4?
0
Let a be 300/9*6/5. Let w = a + -29. What is the remainder when w is divided by 4?
3
Suppose 2*n + 325 = 7*n. Calculate the remainder when n is divided by 17.
14
Let x(r) = 7*r - 1. What is the remainder when (-2 + 3)*-3 + 39 is divided by x(2)?
10
Let s(r) = 2*r - 8. Let h be s(0). What is the remainder when (-16 - 1)*(h + 7) is divided by 10?
7
Suppose 95 = 4*l + 23. Let z be 61/(-9) - 4/18. Let y = l + z. What is the remainder when 20 is divided by y?
9
Calculate the remainder when 102 is divided by (-7)/4*(-3 + (0 - 9)).
18
Let n(l) = -l**3 + 16*l**2 + 2*l - 18. What is the remainder when 41 is divided by n(16)?
13
Let s = -6 - -6. Suppose s = -x + 2*r, 3*r = 4*x - r - 20. Calculate the remainder when x is divided by 4.
2
Let h = 37 + 36. Calculate the remainder when h is divided by 25.
23
Let r = 15 - 4. What is the remainder when 30 is divided by r?
8
Let t be ((-14)/(-5))/(2/(-90)). Calculate the remainder when ((-8)/(-12))/((-4)/t) is divided by 6.
3
Let p = -17 + 22. What is the remainder when 8 is divided by p?
3
Calculate the remainder when 10/15*(114/4 + -3) is divided by 4.
1
Suppose -3*c = -0 + 15. Let w(f) = -f**3 - 6*f**2 - 8*f - 4. Let b = -17 + 48. What is the remainder when b is divided by w(c)?
9
Let m(c) = -c**3 + 7*c**2 + 2*c + 3. Let w be m(6). Suppose -54 - w = -5*a. Calculate the remainder when a is divided by 1*(-1 - 0) - -12.
10
Let x(p) = p**2 + 12*p + 8. Calculate the remainder when 39 is divided by x(-12).
7
Let d be (4/(-3))/((-2)/3). Calculate the remainder when (d - 1) + 27 + -1 is divided by 256/18 + 10/(-45).
13
Suppose -5*f + 128 = 2*y + 35, 3*f - 59 = -2*y. Let j = 514 + -316. Suppose -z - 151 = -3*k, -3*z = 4*k - z - j. Calculate the remainder when k is divided by f.
16
Suppose 16 = 5*v + 2*t - 3, -t = 3. What is the remainder when 11 is divided by v?
1
What is the remainder when 25 is divided by -3*((110/6)/(-5) + 2)?
0
Let l = -15 + 16. Suppose v + z = l, -z + 2 + 11 = 5*v. What is the remainder when 3 is divided by v?
0
Let j(k) = k**3 + 2*k**2 - k + 2. Let t be j(2). Let o = -5 + t. Let q = 1 + 5. Calculate the remainder when o is divided by q.
5
Suppose -2 - 3 = -5*r. Let s(z) = 50*z**3 - 2*z**2 + z. Calculate the remainder when s(r) is divided by 26.
23
Let t(j) = -2*j + 4. Calculate the remainder when 23 is divided by t(-4).
11
Let u = -15 + 58. Suppose 7*x + 24 = 87. What is the remainder when u is divided by x?
7
Let r = 0 - -4. Suppose 3*w - 5*g = 6 + 61, -20 = r*g. What is the remainder when 26 is divided by w?
12
Suppose 60 = 4*f + 4*q + 16, -5*f + 4*q + 46 = 0. Calculate the remainder when f is divided by 3.
1
Suppose 0 = 5*f - 2*m - 90, -5*f + 0*f - 2*m = -90. Calculate the remainder when 83 is divided by f.
11
What is the remainder when 119 is divided by (2 + 4/(-7))*14?
19
Let z(i) = -i**2 + 7*i - 4. Let r be z(6). Suppose 0*k = -r*k + 5*f + 57, k = -2*f + 6. Calculate the remainder when 2/6 + 420/9 is divided by k.
15
Let f = 11 + 8. What is the remainder when f is divided by 11?
8
Let g = 13 + 28. What is the remainder when g is divided by 6?
5
Suppose 8 = -5*p + g + 28, 4*p - 16 = -5*g. Let q be (p/6)/(-1)*-3. Suppose 5*r - 45 = -q*d, -d - d - 21 = -r. Calculate the remainder when 20 is divided by r.
9
Suppose 0*n - 3*n = 4*j - 182, 167 = 3*n + j. Calculate the remainder when n is divided by 19.
16
What is the remainder when 2*(85/10 - 0) is divided by 5?
2
Calculate the remainder when 1/((-14)/2) + (-71)/(-7) is divided by 6.
4
Suppose 5*u - 32 = -2. Suppose v = -v - 30. Let z = u - v. What is the remainder when 61 is divided by z?
19
Let c(v) = v**2 - 9*v - 13. Calculate the remainder when 91 is divided by c(12).
22
Suppose -10 = -2*h - 2. Suppose -5*r + 2*z + 27 = 0, 4 = z + 5. Suppose -2*j = -r*j + 9. Calculate the remainder when h is divided by j.
1
Let q(y) be the first derivative of -y**4/4 - y**2/2 + 2. Let b be q(-2). Suppose 37 - b = a. What is the remainder when a is divided by 14?
13
Suppose -4*v + 21 = 1. Suppose v*s - 8 - 7 = 0. Suppose -5*g + 10 = -5*d + 2*d, 3*d + 4*g - 35 = 0. What is the remainder when d is divided by s?
2
Let g(m) = -m**2 + 6*m + 4. Let a(o) = o**2 + 3*o + 1. What is the remainder when g(5) is divided by a(-4)?
4
Suppose 1 + 1 = -2*d + 2*w, 0 = -2*d + w + 2. Let v(t) be the first derivative of t**3/3 + 5*t**2/2 - 9*t + 6. What is the remainder when v(-7) is divided by d?
2
Let z(s) = s**2 - s - 2. Suppose -128 = 2*l - 270. Calculate the remainder when l is divided by z(-4).
17
Let m = -5 + 9. Suppose -d = -m*d + 123. Calculate the remainder when d is divided by 14.
13
Suppose q + 4*q - 70 = 0. Suppose -z - 77 = -2*x, -4*x + 3*x + z = -38. What is the remainder when x is divided by q?
11
Let i(z) = -32*z**3 + z*